(-61 - (7 - 3))*-1 is divided by w?
14
What is the remainder when 102 is divided by 4/(-22) - 1935/(-55)?
32
Suppose 0 = -d + 6 + 6. Calculate the remainder when 47 is divided by d.
11
Let p be (4/12)/((-2)/78). What is the remainder when 39 is divided by (-275)/(-13) + 2/p?
18
Suppose 41 = 2*b - 5*f, 6*f + 44 = 3*b + 2*f. Suppose -b = -4*o - 0. Suppose 5*r - 48 = -4*w, w - 4*r + 12 = o*w. What is the remainder when 34 is divided by w?
10
Calculate the remainder when (-48)/(-9)*((-45)/(-6) + 0) is divided by 6.
4
Suppose -8*h = -50 - 14. What is the remainder when 15 is divided by h?
7
What is the remainder when 5 is divided by ((-16)/(-5) + -4)/(4/(-10))?
1
Let g(y) = -y**3 + 15*y**2 + 18*y - 14. Let o be g(16). Let k = -10 + o. Let a = 25 + -2. What is the remainder when a is divided by k?
7
Let t(h) = 1 + 5*h - 2*h - 2*h. Let o be t(-2). Calculate the remainder when 34 is divided by (-1 - -2)*(19 + o).
16
Let m(t) = -t + 56. What is the remainder when m(21) is divided by 18?
17
Let w be 1*(-1*5 - 1). Let n = -4 - w. What is the remainder when n is divided by 1?
0
Suppose a = 2*a - 2, 3*n + 3*a - 36 = 0. Suppose 1 + 5 = -3*z - 2*t, t + 8 = -4*z. What is the remainder when (z - 55)/((-9)/6) is divided by n?
8
Suppose -3*w + 2*w + 2 = 0. Let j be 1 + 4 + 12/(-4). Suppose 3*c + 4 = 2*s, w = -j*s + c + 10. Calculate the remainder when 8 is divided by s.
3
Let x be ((-4)/14)/((-5)/35). Suppose 25 = w - 2*m, -33 + 124 = 3*w - x*m. Calculate the remainder when w is divided by 12.
9
Let d(j) = j + 39. What is the remainder when d(0) is divided by 10?
9
Suppose 2 = 2*d - 14. Suppose 3 = 3*s, -32 = -5*j - 4*s - d. Calculate the remainder when j is divided by 3.
1
Suppose -5*n + 74 = -j - 7, -n + 9 = -2*j. Let q(x) = -x**3 - 10*x**2 - 4*x - 8. What is the remainder when q(-10) is divided by n?
15
Suppose 0 = -p - 3*u + 27, -p - 6*u + 30 = -4*u. What is the remainder when p is divided by 13?
10
Suppose 4*n - 5*x - 69 = 0, 4*n + x = 7 + 56. What is the remainder when 47 is divided by 2/(-2*(-1)/n)?
15
Suppose -4*t + t = b - 47, 3*t = 3*b + 51. What is the remainder when 2*(102/4 + -2) is divided by t?
15
Suppose -49 = -2*f + 31. Suppose -2*p - 4*u = -48, 5*u - f = -2*p + 13. Let o = 135 - 94. What is the remainder when o is divided by p?
13
Let j(z) be the second derivative of z**4/12 - 2*z**3/3 - z**2 - 2*z. What is the remainder when j(5) is divided by 3?
0
Suppose 0*c - 12 = -3*c. Suppose 3*m + c*t - 41 = 0, -3*t - 69 = -m - 2*m. Calculate the remainder when m is divided by 10.
9
Calculate the remainder when 10/(-95) + 2550/38 is divided by 18.
13
Let h(s) = -2*s**2 + s**3 + 2*s**2 - 4 + 5*s + s - 4*s**2. Let r be h(4). Suppose -f = -0*f - r. Calculate the remainder when f is divided by 7.
6
Suppose -3*h - 28 = -5*l, -2*l - 3*h = 2*h - 36. Suppose 4*a + 5*p = 84, -4*a + 84 = 2*p - p. What is the remainder when a is divided by l?
5
Let y(m) = 14*m**2 + 2. Let l = -27 - -57. Calculate the remainder when y(2) is divided by l.
28
Let y be 88/16 + 1/(-2). Suppose 4*u - y*k + 3 = u, 2*u + 2 = 5*k. What is the remainder when 61 is divided by 21/(-1 + 3 + u)?
19
Let z(y) = 11*y**2 + 3*y + 7. What is the remainder when z(4) is divided by 18?
15
Suppose -19 = 4*j - 47. Calculate the remainder when ((-18)/(-8))/((-2)/(-24)) is divided by j.
6
Let i = 22 - 16. Let u = i - 1. Suppose -u = -3*d + 22. What is the remainder when 16 is divided by d?
7
Let w(u) = -u**3 + 10*u**2 + 6*u + 6. Let b be w(11). Suppose -3*m - 3 = 45. Let k = m - b. What is the remainder when k is divided by 9?
6
Suppose 1 + 3 = p + r, p - 3*r = 24. Calculate the remainder when 123 is divided by p.
6
Let k(r) = 1 + 7 + 4*r - 4 - 2*r. What is the remainder when 41 is divided by k(5)?
13
Let n = -14 - -28. What is the remainder when (-6)/33 - (-598)/22 is divided by n?
13
Let u(v) = 9*v**2 + 3*v + 2. What is the remainder when 22 is divided by u(-1)?
6
Suppose 21 = 2*j - q, -4*j = -3*q - 2*q - 57. Let t = -2 - -72. Let o = t + -41. What is the remainder when o is divided by j?
5
Suppose r + 60 = 4*r. Suppose 6*f - 5*i - 74 = 4*f, 111 = 3*f + i. What is the remainder when f is divided by r?
17
Suppose -k = -5*u - 11, 0*k - 4*u = -2*k + 16. What is the remainder when 15 is divided by k?
3
Let r = -84 - -123. Calculate the remainder when r is divided by 20.
19
Let a(d) = d**3 - 2*d**2 + 2*d - 2. Let w be a(2). Suppose c - 4*l + 2*l - 90 = 0, -4*c + 400 = w*l. Calculate the remainder when c is divided by 25.
23
Let o = -8 - -10. Suppose -o*t = 3 - 11. What is the remainder when 5 is divided by 3/t + (-15)/(-12)?
1
Suppose -3*l + 60 = 2*l - 5*p, 0 = 2*l + p - 21. What is the remainder when 47 + ((-36)/90)/(1/10) is divided by l?
10
Suppose 2*n - 576 = -6*n. What is the remainder when n is divided by 15?
12
Suppose -4*f + 78 = -622. Suppose -2*c - 3*c + f = 0. What is the remainder when c is divided by 12?
11
Suppose -3*c + 21 = -9. What is the remainder when c is divided by 3?
1
Let s(t) = t**2 - 8. What is the remainder when s(-8) is divided by (2 + 14)*1 - -3?
18
Let i = 8 - 5. Suppose -i*z = 4*q + q - 69, 4*z = 3*q + 92. Suppose -p = 5*m - z, p = 4*m - 1 - 3. Calculate the remainder when 29 is divided by p.
5
Suppose -30 = -2*j + 4*u, 0 = 2*j + 2*j + 5*u + 5. Suppose -c + 3*a - 5 = a, j*c - 3*a + 4 = 0. Calculate the remainder when 64 is divided by c - 2 - (-23)/1.
20
Let y = -2 - -1. Let u be 9 + y*6/(-3). Let c = -5 + u. Calculate the remainder when 17 is divided by c.
5
Let c = -2 + 1. What is the remainder when 48 is divided by (-23 - (-2 + 4))*c?
23
Let v(w) = w**2 - 2*w + 7. What is the remainder when 65 + 1 - (12 - 9) is divided by v(5)?
19
Let m(y) = -4*y**3 + 2*y**2 - y + 6 - 3 - 2. Let n be m(2). Let q = 35 + n. What is the remainder when 19 is divided by q?
9
Let g(r) = 7*r + 2. What is the remainder when g(2) is divided by ((-6)/(-8))/((-1)/(-12))?
7
Suppose 0 = 3*c - 8 - 22. Let u be 4/c - (-33)/5. Let g = u + 45. What is the remainder when g is divided by 18?
16
Let x(g) = -g. Let l(n) = -9*n + 6. Let f(d) = -l(d) + 6*x(d). What is the remainder when f(4) is divided by (-2)/(2 + 15/(-6))?
2
Suppose 2*n - 22 = -4*z, 3*n - 1 = -4. Let v(x) = 2*x**3 - 3*x**2 - 4*x + 4. Let h be v(4). Suppose -h = -3*w - w. What is the remainder when w is divided by z?
5
Let u = 11 - 9. What is the remainder when 35 is divided by (1*-1)/(u/(-36))?
17
Suppose 3*c - c - 30 = 0. What is the remainder when 40 is divided by c?
10
Suppose f + 115 = 4*g, -8*g + 160 = -3*g + 2*f. Let m = -25 + g. What is the remainder when 17 is divided by m?
2
Suppose -4*n - s = 19, -6*n - 5 = -4*n + 5*s. Let w = n + 31. What is the remainder when 77 is divided by w?
25
Calculate the remainder when (-145 + 3)*1/(-2) is divided by 24.
23
Suppose 3*r - 288 = r. Suppose 5*d = -x + r, -4*d + 3*d - 5*x = -24. What is the remainder when d is divided by 15?
14
Let s = 69 + 0. Suppose 0*v - 93 = 3*v. Let d = v - -49. What is the remainder when s is divided by d?
15
Suppose 0 = -3*n + 4*x + 58, 0*n - 5*x = n - 51. What is the remainder when n is divided by (14/4)/((-1)/(-2))?
5
Let d(k) be the third derivative of -k**6/120 + k**5/5 + 17*k**4/24 - k**3/6 - 3*k**2. What is the remainder when d(13) is divided by 18?
15
Let z = 6 - 2. Let a be z/3*(-1 + 10). Let t = a - -6. Calculate the remainder when 34 is divided by t.
16
Suppose -3 = 2*c + 3*j, c - 4*j + 0*j - 26 = 0. Let v = -4 - -7. Calculate the remainder when c is divided by ((-2 + v)*2)/1.
0
Let o = -253 - -310. Calculate the remainder when o is divided by ((-3)/(-6))/(1/60).
27
Suppose -4*p = 2*u - 10, -3*p + 7*u + 14 = 2*u. Calculate the remainder when 3 is divided by p.
0
Let y = 55 - 27. Suppose -2*i + 158 = 2*k, i + 99 = 2*i - 4*k. Calculate the remainder when i is divided by y.
27
Let z(y) = y**2 - y - 1. Let f be ((-5)/4)/((-3)/12). Let t be z(f). Let d = -11 + t. What is the remainder when d is divided by 5?
3
Let p(x) = 6*x + 1. Let y be p(-1). Let w(i) = i**3 + 7*i**2 + 6*i + 1. What is the remainder when w(y) is divided by 11?
10
Let i = 8 - 4. What is the remainder when i is divided by 1?
0
Let p be 9*1/(3 + 0). Suppose 2*s = 5*u + p*s - 266, 102 = 2*u - 4*s. What is the remainder when u is divided by 18?
17
Let k be 2/5 + (-54)/(-15). Let c be 1/((-2 + k)/(-62)).